
5
Calculate the remainder when 148197 is divided by 73679.
839
Calculate the remainder when 5201 is divided by 2781.
2420
What is the remainder when 353134 is divided by 1385?
1344
Calculate the remainder when 1047235 is divided by 281.
229
Calculate the remainder when 8066625 is divided by 895.
885
What is the remainder when 180104 is divided by 1156?
924
Calculate the remainder when 2811451 is divided by 133878.
13
What is the remainder when 601357 is divided by 31?
19
Calculate the remainder when 82407 is divided by 81567.
840
What is the remainder when 1014620 is divided by 1626?
1622
What is the remainder when 132112 is divided by 839?
389
What is the remainder when 67221609 is divided by 125?
109
What is the remainder when 62560343 is divided by 1779?
29
Calculate the remainder when 121480631 is divided by 504.
503
What is the remainder when 343028 is divided by 338798?
4230
What is the remainder when 55881063 is divided by 29598?
39
Calculate the remainder when 4938858 is divided by 1769.
1579
What is the remainder when 1452324 is divided by 2793?
2757
What is the remainder when 17134512 is divided by 28?
24
Calculate the remainder when 3095451 is divided by 619070.
101
What is the remainder when 3446046 is divided by 581?
135
What is the remainder when 19593754 is divided by 540?
394
Calculate the remainder when 51056006 is divided by 107713.
44
Calculate the remainder when 59439951 is divided by 52.
51
Calculate the remainder when 8538328 is divided by 2734.
46
Calculate the remainder when 354329 is divided by 313.
13
Calculate the remainder when 5256710 is divided by 164.
18
Calculate the remainder when 3435 is divided by 3224.
211
What is the remainder when 3034042 is divided by 606789?
97
Calculate the remainder when 31060927 is divided by 4514.
93
Calculate the remainder when 329031734 is divided by 1496.
1494
What is the remainder when 129787187 is divided by 4?
3
What is the remainder when 112303025 is divided by 3910?
5
What is the remainder when 119349 is divided by 2013?
582
What is the remainder when 138279980 is divided by 3368?
4
What is the remainder when 804572 is divided by 66992?
668
Calculate the remainder when 20238776 is divided by 62082.
44
What is the remainder when 7208392 is divided by 28?
16
Calculate the remainder when 207430 is divided by 3351.
3019
Calculate the remainder when 52544 is divided by 50169.
2375
What is the remainder when 2807 is divided by 1911?
896
What is the remainder when 178482 is divided by 163?
160
Calculate the remainder when 5699186 is divided by 548.
534
What is the remainder when 22012 is divided by 10844?
324
Calculate the remainder when 3543661 is divided by 438.
241
What is the remainder when 1274105 is divided by 254816?
25
What is the remainder when 514961 is divided by 1020?
881
Calculate the remainder when 17649 is divided by 563.
196
Calculate the remainder when 66829387 is divided by 22276461.
4
Calculate the remainder when 56643589 is divided by 21.
16
What is the remainder when 103893 is divided by 5860?
4273
Calculate the remainder when 282944 is divided by 959.
39
What is the remainder when 386267 is divided by 16085?
227
Calculate the remainder when 283042 is divided by 8324.
26
Calculate the remainder when 4781711 is divided by 208.
207
Calculate the remainder when 55897 is divided by 2763.
637
What is the remainder when 11335305 is divided by 345?
330
What is the remainder when 9709 is divided by 1193?
165
What is the remainder when 3120008 is divided by 148571?
17
Calculate the remainder when 23364812 is divided by 1013.
980
Calculate the remainder when 12838716 is divided by 28594.
10
What is the remainder when 101423744 is divided by 561?
554
Calculate the remainder when 15250 is divided by 2142.
256
Calculate the remainder when 5778961 is divided by 4982.
4823
Calculate the remainder when 462347 is divided by 1454.
1429
Calculate the remainder when 498745007 is divided by 166248333.
8
What is the remainder when 1419986 is divided by 7802?
22
Calculate the remainder when 147354 is divided by 1261.
1078
What is the remainder when 136262 is divided by 45411?
29
Calculate the remainder when 166047 is divided by 1308.
1239
Calculate the remainder when 21194 is divided by 6925.
419
What is the remainder when 18427 is divided by 8303?
1821
Calculate the remainder when 3454883 is divided by 1151625.
8
What is the remainder when 1937193 is divided by 115?
18
Calculate the remainder when 18880218 is divided by 169.
45
Calculate the remainder when 3695493 is divided by 1231787.
132
Calculate the remainder when 12790958 is divided by 152273.
26
Calculate the remainder when 907179 is divided by 226600.
779
Calculate the remainder when 53540785 is divided by 37.
9
What is the remainder when 78911 is divided by 25631?
2018
What is the remainder when 3239888 is divided by 24360?
8
What is the remainder when 33403 is divided by 435?
343
What is the remainder when 2223461 is divided by 2929?
350
Calculate the remainder when 1160914 is divided by 313.
310
What is the remainder when 93031253 is divided by 478?
25
What is the remainder when 15810 is divided by 4479?
2373
Calculate the remainder when 6352692 is divided by 6359.
51
What is the remainder when 6097292 is divided by 136?
4
What is the remainder when 18351341 is divided by 27027?
8
What is the remainder when 23345 is divided by 1001?
322
Calculate the remainder when 7744656 is divided by 1308.
1296
Calculate the remainder when 670921 is divided by 523.
435
Calculate the remainder when 97166 is divided by 3893.
3734
Calculate the remainder when 1656895 is divided by 435.
415
What is the remainder when 1361533 is divided by 12257?
1006
What is the remainder when 197754 is divided by 197735?
19
Calculate the remainder when 73614 is divided by 14693.
149
Calculate the remainder when 11289 is divided by 83.
1
What is the remainder when 277273 is divided by 92408?
49
What is the remainder when 1330644 is divided by 147834?
138
What is the remainder when 1385488 is divided by 25?
13
Calculate the remainder when 2726973 is divided by 211.
9
Calculate the remainder when 2122222 is divided by 276.
58
Calculate the remainder when 24590698 is divided by 10.
8
What is the remainder when 8662717 is divided by 1732532?
57
Calculate the remainder when 10973167 is divided by 16.
15
What is the remainder when 8446476 is divided by 228?
216
What is the remainder when 69103421 is divided by 32?
29
What is the remainder when 3008630 is divided by 287?
9
Calculate the remainder when 6633424 is divided by 10964.
204
Calculate the remainder when 3209886 is divided by 71330.
36
Calculate the remainder when 77848 is divided by 1685.
338
What is the remainder when 466444 is divided by 6575?
6194
What is the remainder when 9462 is divided by 14?
12
What is the remainder when 87047 is divided by 6206?
163
What is the remainder when 212171507 is divided by 734?
733
What is the remainder when 126735128 is divided by 3520420?
8
Calculate the remainder when 729034 is divided by 52073.
12
Calculate the remainder when 104647 is divided by 4360.
7
Calculate the remainder when 11397 is divided by 1447.
1268
Calculate the remainder when 100100493 is divided by 5222.
5197
Calculate the remainder when 881697 is divided by 73472.
33
What is the remainder when 7221 is divided by 258?
255
What is the remainder when 822575 is divided by 10?
5
What is the remainder when 31468 is divided by 3110?
368
What is the remainder when 419629 is divided by 41?
35
Calculate the remainder when 243553 is divided by 1230.
13
Calculate the remainder when 21979 is divided by 20543.
1436
Calculate the remainder when 11521 is divided by 142.
19
Calculate the remainder when 18661108 is divided by 1696459.
59
Calculate the remainder when 326486 is divided by 10.
6
Calculate the remainder when 9370 is divided by 2471.
1957
Calculate the remainder when 47786281 is divided by 226.
163
What is the remainder when 458274 is divided by 997?
651
What is the remainder when 64915 is divided by 811?
35
Calculate the remainder when 27424471 is divided by 36.
31
What is the remainder when 6331283 is divided by 162?
161
Calculate the remainder when 502141 is divided by 4306.
2645
Calculate the r